
List the prime factors of 16007929.
7, 2286847
What are the prime factors of 1850093?
7, 17, 2221
List the prime factors of 89494.
2, 29, 1543
List the prime factors of 3145505.
5, 11, 57191
What are the prime factors of 7554314?
2, 3777157
What are the prime factors of 11544295?
5, 7, 193, 1709
List the prime factors of 10006540.
2, 5, 17, 19, 1549
List the prime factors of 110962.
2, 109, 509
List the prime factors of 5502747.
3, 17, 107897
What are the prime factors of 813899?
47, 17317
List the prime factors of 1804990.
2, 5, 11, 61, 269
What are the prime factors of 2076383?
2076383
List the prime factors of 2081819.
1021, 2039
What are the prime factors of 1244274?
2, 3, 29, 7151
What are the prime factors of 184234?
2, 251, 367
What are the prime factors of 864628?
2, 216157
What are the prime factors of 3654399?
3, 7, 174019
List the prime factors of 6032991.
3, 631, 3187
List the prime factors of 171544.
2, 41, 523
What are the prime factors of 436063?
43, 10141
List the prime factors of 1127755.
5, 283, 797
List the prime factors of 799483.
799483
What are the prime factors of 322277?
29, 11113
List the prime factors of 271399.
127, 2137
List the prime factors of 619869.
3, 206623
What are the prime factors of 718784?
2, 11, 1021
List the prime factors of 945353.
17, 55609
What are the prime factors of 7395360?
2, 3, 5, 7, 31, 71
List the prime factors of 286808.
2, 35851
List the prime factors of 118661.
118661
What are the prime factors of 482620?
2, 5, 59, 409
List the prime factors of 132682.
2, 11, 37, 163
List the prime factors of 1960493.
1960493
List the prime factors of 27895074.
2, 3, 4649179
What are the prime factors of 523204?
2, 11, 23, 47
What are the prime factors of 599655?
3, 5, 7, 5711
What are the prime factors of 18270149?
4201, 4349
What are the prime factors of 19455999?
3, 23, 281971
What are the prime factors of 685830?
2, 3, 5, 22861
What are the prime factors of 181714?
2, 13, 29, 241
What are the prime factors of 197637?
3, 11, 53, 113
List the prime factors of 325544.
2, 40693
List the prime factors of 3102063.
3, 43, 139, 173
What are the prime factors of 345848?
2, 17, 2543
What are the prime factors of 5736219?
3, 113, 16921
What are the prime factors of 19485768?
2, 3, 53, 15319
What are the prime factors of 623010?
2, 3, 5, 19, 1093
What are the prime factors of 450211?
17, 71, 373
List the prime factors of 4727505.
3, 5, 41, 7687
List the prime factors of 2520223.
1549, 1627
List the prime factors of 587598.
2, 3, 11, 29, 307
What are the prime factors of 5627342?
2, 7, 401953
List the prime factors of 117755.
5, 11, 2141
List the prime factors of 803620.
2, 5, 23, 1747
List the prime factors of 2235364.
2, 17, 71, 463
List the prime factors of 743011.
499, 1489
List the prime factors of 1223054.
2, 7, 199, 439
What are the prime factors of 23469354?
2, 3, 53, 73, 337
List the prime factors of 577087.
7, 19, 4339
List the prime factors of 559240.
2, 5, 11, 31, 41
What are the prime factors of 972935?
5, 31, 6277
What are the prime factors of 1263474?
2, 3, 17, 4129
What are the prime factors of 416829?
3, 7, 23, 863
What are the prime factors of 6716916?
2, 3, 186581
What are the prime factors of 202139?
7, 67, 431
What are the prime factors of 9053964?
2, 3, 83833
List the prime factors of 752688.
2, 3, 5227
What are the prime factors of 13355262?
2, 3, 257, 2887
List the prime factors of 214691.
214691
List the prime factors of 255836.
2, 7, 9137
What are the prime factors of 10340894?
2, 313, 16519
List the prime factors of 342341.
342341
List the prime factors of 45729.
3, 5081
List the prime factors of 4936815.
3, 5, 13, 29, 97
List the prime factors of 305523.
3, 83, 409
List the prime factors of 9741367.
9741367
What are the prime factors of 570493?
7, 11, 31, 239
What are the prime factors of 8633656?
2, 149, 7243
List the prime factors of 1158328.
2, 144791
List the prime factors of 22217756.
2, 11, 43, 11743
What are the prime factors of 762280?
2, 5, 17, 19, 59
What are the prime factors of 35602?
2, 7, 2543
What are the prime factors of 372655?
5, 74531
List the prime factors of 270318.
2, 3, 45053
What are the prime factors of 11130649?
1831, 6079
What are the prime factors of 826310?
2, 5, 19, 4349
List the prime factors of 1553988.
2, 3, 129499
What are the prime factors of 31897711?
23, 1386857
List the prime factors of 22487413.
13, 17, 97, 1049
List the prime factors of 254594.
2, 127297
List the prime factors of 11089618.
2, 5544809
List the prime factors of 1400212.
2, 11, 263
List the prime factors of 13111560.
2, 3, 5, 7, 11, 43
List the prime factors of 293873.
19, 15467
What are the prime factors of 4482551?
107, 41893
What are the prime factors of 27121726?
2, 47, 288529
List the prime factors of 886656.
2, 3, 2309
List the prime factors of 1243544.
2, 155443
List the prime factors of 343888.
2, 21493
List the prime factors of 449520.
2, 3, 5, 1873
List the prime factors of 438362.
2, 17, 12893
List the prime factors of 383133.
3, 127711
List the prime factors of 819165.
3, 5, 97, 563
What are the prime factors of 19115?
5, 3823
List the prime factors of 381867.
3, 127289
List the prime factors of 2448322.
2, 613, 1997
What are the prime factors of 209048?
2, 7, 3733
What are the prime factors of 264818?
2, 132409
List the prime factors of 2465409.
3, 821803
List the prime factors of 663768.
2, 3, 7, 439
What are the prime factors of 14648429?
173, 84673
List the prime factors of 188415.
3, 5, 53, 79
What are the prime factors of 5149386?
2, 3, 11, 8669
List the prime factors of 522583.
23, 22721
List the prime factors of 6987046.
2, 11, 317593
What are the prime factors of 455878?
2, 103, 2213
List the prime factors of 336236.
2, 84059
What are the prime factors of 21146446?
2, 10573223
What are the prime factors of 7213?
7213
List the prime factors of 125612.
2, 31, 1013
List the prime factors of 5877561.
3, 37, 52951
List the prime factors of 470876.
2, 7, 67, 251
What are the prime factors of 11184706?
2, 13, 277, 1553
List the prime factors of 243845.
5, 7, 6967
List the prime factors of 1843771.
1843771
What are the prime factors of 158170?
2, 5, 15817
List the prime factors of 9677921.
11, 31, 101, 281
What are the prime factors of 172798?
2, 86399
List the prime factors of 3385672.
2, 423209
What are the prime factors of 206487?
3, 22943
What are the prime factors of 3525405?
3, 5, 13, 101, 179
List the prime factors of 20019410.
2, 5, 383, 5227
List the prime factors of 4475888.
2, 41, 6823
List the prime factors of 6503122.
2, 79, 521
What are the prime factors of 128607?
3, 163, 263
What are the prime factors of 14642630?
2, 5, 1464263
What are the prime factors of 2403475?
5, 127, 757
What are the prime factors of 2052587?
2052587
List the prime factors of 207149.
59, 3511
List the prime factors of 117967.
23, 223
List the prime factors of 84487.
13, 67, 97
List the prime factors of 12780955.
5, 11, 232381
What are the prime factors of 8366763?
3, 373, 7477
What are the prime factors of 29040598?
2, 14520299
What are the prime factors of 3663178?
2, 1831589
What are the prime factors of 303447?
3, 101149
List the prime factors of 954539.
954539
What are the prime factors of 124483?
281, 443
List the prime factors of 26421521.
7, 131, 28813
List the prime factors of 4750872.
2, 3, 7, 28279
What are the prime factors of 611332?
2, 152833
List the prime factors of 1355559.
3, 89, 5077
List the prime factors of 316026.
2, 3, 97, 181
What are the prime factors of 2978790?
2, 3, 5, 31, 3203
What are the prime factors of 18025262?
2, 19, 347, 1367
What are the prime factors of 3712055?
5, 337, 2203
List the prime factors of 3137888.
2, 13, 19, 397
What are the prime factors of 1056815?
5, 97, 2179
List the prime factors of 979455.
3, 5, 17, 23, 167
List the prime factors of 587511.
3, 29, 2251
What are the prime factors of 9519481?
9519481
List the prime factors of 395812.
2, 98953
List the prime factors of 1959220.
2, 5, 97961
What are the prime factors of 10113050?
2, 5, 223, 907
What are the prime factors of 15433925?
5, 13, 281
What are the prime factors of 161257?
47, 73
List the prime factors of 438823.
7, 11, 41, 139
What are the prime factors of 27291287?
